hat is the value of 6 - 3 - (6 - (-4 + 7))?
0
Calculate -5 - 4 - (2 + 1) - -3.
-9
6 + 4 + (-5 - 4) + 1
2
What is the value of 19 + -27 - (-18 + 5)?
5
Evaluate -30 + 29 - (3 - 4).
0
Evaluate (-69 - -53) + (-1 - -11).
-6
Calculate (1 - -3 - 2) + 1 + -8.
-5
What is the value of (4 - -6) + -2 + -6?
2
What is (20 - 10 - 8) + 1?
3
Calculate 4 + -6 + -13 - -20.
5
Calculate (50 - 39) + (-1 - 6).
4
What is the value of 7 - (0 + -6 - -11)?
2
What is 4 - (4 - (-8 + 9) - -2)?
-1
What is the value of 1 - (-4 + 7 + 4) - 4?
-10
0 - (8 - (11 + -6))
-3
What is 0 + 1 + 1 - (-108 - -111)?
-1
Evaluate -5 - (6 - 4 - 4).
-3
Evaluate 8 + -5 + (-3 - -4).
4
3 + -7 + -14 + 12
-6
Calculate -2 + 4 - (-1 + 0 + -1).
4
7 + -15 + -2 + 10
0
Calculate (-5 + 19 - 4) + -8.
2
What is (2 - 8 - -4) + -2?
-4
Evaluate 9 - 3 - (9 - 7 - -3).
1
Evaluate 6 - (-2 - 3 - (0 - 6)).
5
Evaluate (0 - 1) + -1 + -3.
-5
What is 3 + (2 + -4 - 1)?
0
Calculate (-1 - (5 - 6)) + 1 + 2.
3
8 - (-5 - -9) - -2 - 17
-11
What is (11 - (1 - -2)) + 0 - 4?
4
Calculate (-3 - -9) + -4 + -7.
-5
What is 1 + -6 + (-16 - -11)?
-10
Calculate -1 + 3 + (-1 - -3).
4
Evaluate -3 + -3 + (11 - 1 - -1).
5
4 + -6 + -1 - -5
2
What is the value of -7 + (4 - -1) - -2?
0
-12 - (-7 - -9 - 9)
-5
-1 - ((-7 - 1) + 9 + -6)
4
What is -14 + (6 - (-2 + -10))?
4
Evaluate (1 - (2 - 4)) + 1 + 1.
5
Evaluate 5 + (-1 - ((3 - -1) + -6)).
6
Evaluate 0 + -2 + (0 - -4) + -1.
1
What is the value of 4 - (-5 - -6) - -1?
4
What is 39 + -39 + 0 + 0?
0
What is the value of -1 + 4 - (4 + -7 + 3)?
3
(-2 - -1) + (14 - 8)
5
1 + -2 - -1 - (370 + -363)
-7
What is 5 + -8 + (3 + 1 - -2)?
3
What is 0 + -1 - (-26 + 35)?
-10
What is -4 + -3 + 2 + 2 + -2?
-5
What is -11 - -1 - -5 - -3?
-2
Evaluate -1 + (-2 - (1 - 4 - 0)).
0
Evaluate 4 + 3 + -9 + -3.
-5
What is the value of 0 - 11 - (39 - 46)?
-4
What is the value of (1 - 3) + (18 - 18)?
-2
(-2 - -6) + -8 + (-2 - -8)
2
Evaluate (-6 - (-16 + 6 + 1)) + 3.
6
Calculate -11 + 3 + (2 - (1 - -2)).
-9
What is the value of -3 - -4 - 3 - (46 - 49)?
1
Calculate 2 + (-3 + 7 - 3).
3
What is the value of -4 + 1 - (-11 + 19)?
-11
1 + 1 + 3 - 5
0
What is the value of 3 - (-3 - -3 - (-2 - -1))?
2
Calculate -6 - (-17 - (0 + -8)).
3
What is the value of -6 + 9 + (2 - 4 - -4)?
5
461 + -458 - (1 + -1 + 1)
2
What is the value of -11 + -3 + -1 + 15?
0
Calculate (-4 - -3) + (2 + 1 - -1).
3
Evaluate 1 + (0 - 7) + 9.
3
Evaluate 8 - (7 + -4) - 7.
-2
Evaluate 0 + -4 + 3 - -2.
1
10 + 5 + -11 - -4
8
What is 2 - (-3 + (0 - -2) + -2)?
5
4 - (0 + -14 - -21)
-3
-6 + 2 + 7 + 3 + -7
-1
What is 1 - ((-12 - -11) + -6)?
8
Calculate -3 - (-10 - (-3 - 8)).
-4
Evaluate -7 + 5 - (6 - 4).
-4
Evaluate (0 - (-4 + (-3 - -5))) + 3.
5
Calculate -5 - ((6 - 11) + 3).
-3
What is the value of -1 + -2 - (-5 + (1 - -3))?
-2
Calculate 1 - (-2 - 8) - 10.
1
What is the value of 3 + (-4 - (-3 + 1)) - 0?
1
Calculate -5 + 2 - (7 + -7).
-3
What is 4 - (3 + 3 + -1 + -5)?
4
Evaluate (3 - 5) + 3 + -1.
0
Evaluate 1 + -2 + 0 + -4.
-5
Calculate (5 - -1) + -2 + -7 + 8.
5
1 + 5 - (6 + -3)
3
Evaluate -3 - -17 - -4 - 10.
8
Calculate -12 - (4 - (1 + (5 - -4))).
-6
What is the value of 1 + 1 + (0 - (1 + 0))?
1
Evaluate -2 + 0 + (17 - 10) + -12.
-7
-11 - (-20 - (5 - 13))
1
Calculate 4 + 0 + -9 + (-3 - -7).
-1
Evaluate (34 - 31) + -2 + (-1 - 0).
0
Evaluate (0 - (-3 - -1)) + (4 - 7).
-1
Evaluate 0 - ((-2 - -2) + -3) - 2.
1
Evaluate (-2 - 1) + (2 - -6).
5
What is the value of -42 + 41 - (-3 + -8)?
10
What is the value of -6 + -2 + 6 - -5?
3
4 - 4 - (-4 + -2 + 1)
5
What is the value of 1 + (-1 - (4 + 1 - 2))?
-3
What is the value of 1 + (-1 - 0) + -2 + 1?
-1
1 + -1 + (-2 - -4) + -2
0
What is 0 - 13 - -6 - -2?
-5
What is 0 + 2 + 4 - (-1 + 14)?
-7
Calculate (-6 + 12 - 7) + -1.
-2
Calculate 4 + 1 - 1 - 3.
1
-16 + (-12 - -22) + 1
-5
2 - (5 + (-6 - -9))
-6
What is (4 - 4) + (1 - 2)?
-1
Evaluate 7 + 5 + -6 - 5 - -7.
8
What is the value of -10 + -2 + (43 - 22)?
9
Evaluate -4 - (-8 - 1) - 6.
-1
4 + (1 + 3 - 7)
1
Evaluate (-17 - -31) + -10 + 3 + 0.
7
Calculate (-1 - (-1 + -4) - -2) + -4.
2
What is the value of 6 + -3 + 2 + 3 + -4?
4
Evaluate 0 - 3 - (-10 + 7 + 0).
0
Evaluate 3 + (3 + -2 - -1).
5
(6 + -1 + 1 - 4) + 5
7
What is -4 + -1 + 8 - 0 - 1?
2
Evaluate -6 - ((-4 - -3) + -9).
4
Evaluate 2 + 10 + -7 + 2.
7
What is the value of (-21 - (7 + -12)) + 1 + 5?
-10
Evaluate -3 + 5 + -4 - (-2 - 2).
2
Calculate 1 + 0 - 5 - (-2 - 1).
-1
What is the value of 4 - 0 - (-4 - (-4 + 1))?
5
Calculate 0 - -1 - 2 - -4.
3
1 - (4 + -13 + 4)
6
Calculate 0 - 13 - ((-4 - -6) + -8).
-7
Calculate 6 - (0 + -4 - -14).
-4
1 + (-2 - 2) + 0
-3
Evaluate 7 + (2 - (-4 + 11)) + 4.
6
Evaluate 0 + -2 + -6 + 7 + 5.
4
10 + -11 + (-6 + 11 - 1)
3
What is the value of -2 + 5 - (-10 - -14)?
-1
10 + -1 - (7 + -2)
4
Calculate (8 - 7 - -1) + -2.
0
7 - ((-1 + 3 - 1) + 3)
3
Calculate (2 - (7 + -1)) + 8.
4
Evaluate -5 - (2 + 0 - (-11 + 21)).
3
What is -1 + 6 + -13 + 4 - 1?
-5
Evaluate 1 - (9 - (-5 + 15)).
2
(0 - -5) + -1 + (-4 - -4)
4
What is 9 - (1 - -4) - 2?
2
What is 1 + 4 + (-2 - 2) + 4?
5
-7 + -1 + 1 - (-14 - -11)
-4
Calculate (0 - 2) + (3 - 1).
0
1 + -3 + 1 + 1
0
-1 + 2 - (2 + -1 + -4)
4
Calculate 3 - (2 + -1 + 7).
-5
What is the value of 15 + -11 - (1 + -1) - 5?
-1
-2 + -1 + -4 + 0 + 4
-3
What is 6 - (-6 - -19) - (-3 + -3)?
-1
What is the value of (5 - 1) + 0 - 0?
4
Evaluate (-4 - (-4 + -1)) + -3.
-2
What is 5 + -1 + -13 + 14?
5
(10 - -1) + (-24 - -18)
5
Calculate 3 + -1 + 0 + 5 + -4.
3
What is -9 - -11 - (2 + -1 + 1)?
0
What is the value of 12 - (-9 - -15) - -1?
7
Calculate -4 - (3 - (-2 - -5)).
-4
What is the value of (-1 - 6) + -28 + 30?
-5
What is the value of -4 - (2 + -5 + 1)?
-2
3 + -5 + -2 + (-4 - -8)
0
What is the value of -69 + 62 - ((0 - -2) + -9)?
0
(0 + -4 - -7) + 0
3
Calculate 18 + -17 - (3 + -2 + 3).
-3
Evaluate (2 + 3 - (-1 - 2)) + -3.
5
Evaluate (-25 - -22) + -2 + -2 + 1.
-6
Evaluate 9 + -11 + (2 - (-6 + 3)).
3
What is (1 - 4) + (-9 - -8)?
-4
What is -22 - -11 - -9 - 0?
-2
What is the value of (-5 - -3) + (-4 - -7)?
1
What is 5 - 4 - (-6 - -2)?
5
Calculate (1 - 0) + -1 - (2 - 0).
-2
What is 0 - (-8 - -3 - -11)?
-6
Evaluate 2 + (-9 - -3) - -6.
2
(4 + 0 - 0) + (33 - 42)
-5
What is the value of (37 - 31) + (-2 - 2) - -4?
6
1 - (-14 - (-4 + (-8 - -6)))
9
What is 8 + -11 - (-1 + 2 + -1)?
-3
What is 1 + (-4 + 1 + 7 - 8)?
-3
What is 3 + -1 + (-4 + -2 - -1)?
-3
10 + -1 + -10 + -6
-7
What is 5 + -19 - (-12 - 2)?
0
Evaluate 7 - (19 + -1 + -4).
-7
What is (22 - 20) + (2 - 5) + 2?
1
-3 + (15 - (-4 - -13))
3
Evaluate 5 + -2 + -11 + 7 - 0.
-1
Calculate 1 - -3 - (4 + -12 - -17).
-5
(11 - 1) + -25 + 25
10
What is -19 + 15 + (1 - -3)?
0
((-4 - -9) + -2 - 0) + 1
4
What is the value of 5 + 3 - 7 - -3?
4
What is the value of (0 - -2 - 3) + 2 - -5?
6
Calculate 1 - 2 - (15 - 14) - -4.
2
3 + 0 + -1 + (6 - 12)
-4
Evaluate -1 - 2 - (5 - (-15 + 20)).
-3
What is -9 - ((4 - 4) + -4)?
-5
-4 - (-4 - (0 - 5))
-5
Evaluate -1 + 0 + 4 + -5.
-2
What is 3 + 1 + -144 + 137?
-3
Evaluate 2 + 10 + -4 - 6.
2
Calculate 3 + 1 + -3 + (13 - 16).
-2
Evaluate -7 + (51 - 36) + (-5 - 1).
2
What is 6 + (-7 - -5) - 0?
4
What is -6 + 4 + -1 + 3?
0
What is the value of -5 + 19 + (-13 - -6 - 1)?
6
Evaluate 3 + (0 - 12 - -8).
-1
Evaluate (-6 - -3 - (2 + -5)) + 7.
7
What is the value of -4 + (-3 + 9 - 0)?
2
What is the value of (-39 + 32 - (-19 - -1)) + -4?
7
Calculate (4 - 2) + -10 + (4 - 1).
-5
What is 8 + -7 + 0 + 0?
1
-7 + 3 + (1 - -7)
4
Evaluate 0 + (-3 - -3) - (-10 - -13).
-3
-2 - (9 - 11) - 4
-4
Evaluate 11 - (19 - 13) - -3.
8
What is the value of -5 + 2 - (19 + -20)?
-2
Evaluate (-11 - 0) + 6 + 2 + -6.
-9
2 - 0 - (1 + 2) - 5
-6
What is 14 - (5 + 4) - (0 - -5)?
0
What is the value of -14 + 4 - (-3 + 3 - 5)?
-5
Evaluate -20 + 19 + (1 - 4).
-4
What is the value of -5 + 2 + 0 - -7?
4
-4 - 8 - (21 - 42)
9
Calculate (-8 - (-7 + 1)) + (1 - 4).
-5
(22 - 31) + (-2 - 1) + 9
-3
9 + 1 + -7 + (0 - 0)
3
What is (2 - 6 - -9) + -10?
-5
What is the value of 6 - ((-1 - 3) + 9)?
1
What is -2 - (-5 + 8 + -8 - -6)?
-3
What is the value of 2 - (-2 + (-3 - -5))?
2
Calculate -5 + (-11 - -12) + 12.
8
What is the value of -2 - (-13 + 16) - (-1 - -1)?
-5
Evaluate (-1 - 0 - 5) + (89 - 73).
10
Calculate -1 + 5 + -3 - -5 - 11.
-5
Evaluate (1 - -2) + (23 - 11 - 12).
3
Calculate 22 + (25 - 46) + 0 